{"id":8436,"date":"2026-04-25T12:20:00","date_gmt":"2026-04-25T10:20:00","guid":{"rendered":"https:\/\/nederlandsetempeliers.nl\/?page_id=8436"},"modified":"2026-04-25T12:26:01","modified_gmt":"2026-04-25T10:26:01","slug":"moments-sacres-2","status":"publish","type":"page","link":"https:\/\/nederlandsetempeliers.nl\/fr\/moments-sacres-2\/","title":{"rendered":"Moments Sacr\u00e9s"},"content":{"rendered":"\t\t<div data-elementor-type=\"wp-page\" data-elementor-id=\"8436\" class=\"elementor elementor-8436\" data-elementor-post-type=\"page\">\n\t\t\t\t<div class=\"elementor-element elementor-element-e3d561b e-flex e-con-boxed e-con e-parent\" data-id=\"e3d561b\" data-element_type=\"container\" data-e-type=\"container\">\n\t\t\t\t\t<div class=\"e-con-inner\">\n\t\t\t\t<div class=\"elementor-element elementor-element-0dcfbcc elementor-widget elementor-widget-image\" data-id=\"0dcfbcc\" data-element_type=\"widget\" data-e-type=\"widget\" data-widget_type=\"image.default\">\n\t\t\t\t<div class=\"elementor-widget-container\">\n\t\t\t\t\t\t\t\t\t\t\t\t\t\t\t<img fetchpriority=\"high\" decoding=\"async\" width=\"1536\" height=\"1024\" src=\"https:\/\/nederlandsetempeliers.nl\/wp-content\/uploads\/Grote-Kerk-Breda-3.jpeg\" class=\"attachment-full size-full wp-image-8438\" alt=\"Notre Dame Breda\" srcset=\"https:\/\/nederlandsetempeliers.nl\/wp-content\/uploads\/Grote-Kerk-Breda-3.jpeg 1536w, https:\/\/nederlandsetempeliers.nl\/wp-content\/uploads\/Grote-Kerk-Breda-3-300x200.jpeg 300w, https:\/\/nederlandsetempeliers.nl\/wp-content\/uploads\/Grote-Kerk-Breda-3-1024x683.jpeg 1024w, https:\/\/nederlandsetempeliers.nl\/wp-content\/uploads\/Grote-Kerk-Breda-3-768x512.jpeg 768w\" sizes=\"(max-width: 1536px) 100vw, 1536px\" \/>\t\t\t\t\t\t\t\t\t\t\t\t\t\t\t<\/div>\n\t\t\t\t<\/div>\n\t\t\t\t\t<\/div>\n\t\t\t\t<\/div>\n\t\t<div class=\"elementor-element elementor-element-2808462 e-flex e-con-boxed e-con e-parent\" data-id=\"2808462\" data-element_type=\"container\" data-e-type=\"container\">\n\t\t\t\t\t<div class=\"e-con-inner\">\n\t\t\t\t<div class=\"elementor-element elementor-element-fa9fa39 elementor-widget elementor-widget-heading\" data-id=\"fa9fa39\" data-element_type=\"widget\" data-e-type=\"widget\" data-widget_type=\"heading.default\">\n\t\t\t\t<div class=\"elementor-widget-container\">\n\t\t\t\t\t<h2 class=\"elementor-heading-title elementor-size-default\">Moments Sacr\u00e9s<\/h2>\t\t\t\t<\/div>\n\t\t\t\t<\/div>\n\t\t\t\t\t<\/div>\n\t\t\t\t<\/div>\n\t\t<div class=\"elementor-element elementor-element-fb3cf6e e-flex e-con-boxed e-con e-parent\" data-id=\"fb3cf6e\" data-element_type=\"container\" data-e-type=\"container\">\n\t\t\t\t\t<div class=\"e-con-inner\">\n\t\t\t\t<div class=\"elementor-element elementor-element-4f0d76d elementor-widget elementor-widget-text-editor\" data-id=\"4f0d76d\" data-element_type=\"widget\" data-e-type=\"widget\" data-widget_type=\"text-editor.default\">\n\t\t\t\t<div class=\"elementor-widget-container\">\n\t\t\t\t\t\t\t\t\t<p>L\u00c0 O\u00d9 LE CIEL ET LA TERRE SE RENCONTRENT<\/p><p>\u00a0<\/p><p>\u00a0<\/p>\t\t\t\t\t\t\t\t<\/div>\n\t\t\t\t<\/div>\n\t\t\t\t\t<\/div>\n\t\t\t\t<\/div>\n\t\t\t\t<\/div>\n\t\t","protected":false},"excerpt":{"rendered":"<p>Moments Sacr\u00e9s L\u00c0 O\u00d9 LE CIEL ET LA TERRE SE RENCONTRENT \u00a0 \u00a0<\/p>\n","protected":false},"author":4,"featured_media":0,"parent":0,"menu_order":0,"comment_status":"closed","ping_status":"closed","template":"","meta":{"footnotes":""},"class_list":["post-8436","page","type-page","status-publish","hentry"],"yoast_head":"<!-- This site is optimized with the Yoast SEO plugin v27.2 - https:\/\/yoast.com\/product\/yoast-seo-wordpress\/ -->\n<title>Moments Sacr\u00e9s - Nederlandse Tempeliers<\/title>\n<meta name=\"robots\" content=\"index, follow, max-snippet:-1, max-image-preview:large, max-video-preview:-1\" \/>\n<link rel=\"canonical\" href=\"https:\/\/nederlandsetempeliers.nl\/fr\/moments-sacres-2\/\" \/>\n<meta property=\"og:locale\" content=\"fr_FR\" \/>\n<meta property=\"og:type\" content=\"article\" \/>\n<meta property=\"og:title\" content=\"Moments Sacr\u00e9s - Nederlandse Tempeliers\" \/>\n<meta property=\"og:description\" content=\"Moments Sacr\u00e9s L\u00c0 O\u00d9 LE CIEL ET LA TERRE SE RENCONTRENT \u00a0 \u00a0\" \/>\n<meta property=\"og:url\" content=\"https:\/\/nederlandsetempeliers.nl\/fr\/moments-sacres-2\/\" \/>\n<meta property=\"og:site_name\" content=\"Nederlandse Tempeliers\" \/>\n<meta property=\"article:modified_time\" content=\"2026-04-25T10:26:01+00:00\" \/>\n<meta property=\"og:image\" content=\"https:\/\/nederlandsetempeliers.nl\/wp-content\/uploads\/Grote-Kerk-Breda-3.jpeg\" \/>\n\t<meta property=\"og:image:width\" content=\"1536\" \/>\n\t<meta property=\"og:image:height\" content=\"1024\" \/>\n\t<meta property=\"og:image:type\" content=\"image\/jpeg\" \/>\n<meta name=\"twitter:card\" content=\"summary_large_image\" \/>\n<meta name=\"twitter:label1\" content=\"Dur\u00e9e de lecture estim\u00e9e\" \/>\n\t<meta name=\"twitter:data1\" content=\"1 minute\" \/>\n<script type=\"application\/ld+json\" class=\"yoast-schema-graph\">{\"@context\":\"https:\/\/schema.org\",\"@graph\":[{\"@type\":\"WebPage\",\"@id\":\"https:\/\/nederlandsetempeliers.nl\/fr\/moments-sacres-2\/\",\"url\":\"https:\/\/nederlandsetempeliers.nl\/fr\/moments-sacres-2\/\",\"name\":\"Moments Sacr\u00e9s - Nederlandse Tempeliers\",\"isPartOf\":{\"@id\":\"https:\/\/nederlandsetempeliers.nl\/fr\/#website\"},\"primaryImageOfPage\":{\"@id\":\"https:\/\/nederlandsetempeliers.nl\/fr\/moments-sacres-2\/#primaryimage\"},\"image\":{\"@id\":\"https:\/\/nederlandsetempeliers.nl\/fr\/moments-sacres-2\/#primaryimage\"},\"thumbnailUrl\":\"https:\/\/nederlandsetempeliers.nl\/wp-content\/uploads\/Grote-Kerk-Breda-3.jpeg\",\"datePublished\":\"2026-04-25T10:20:00+00:00\",\"dateModified\":\"2026-04-25T10:26:01+00:00\",\"breadcrumb\":{\"@id\":\"https:\/\/nederlandsetempeliers.nl\/fr\/moments-sacres-2\/#breadcrumb\"},\"inLanguage\":\"fr-FR\",\"potentialAction\":[{\"@type\":\"ReadAction\",\"target\":[\"https:\/\/nederlandsetempeliers.nl\/fr\/moments-sacres-2\/\"]}]},{\"@type\":\"ImageObject\",\"inLanguage\":\"fr-FR\",\"@id\":\"https:\/\/nederlandsetempeliers.nl\/fr\/moments-sacres-2\/#primaryimage\",\"url\":\"https:\/\/nederlandsetempeliers.nl\/wp-content\/uploads\/Grote-Kerk-Breda-3.jpeg\",\"contentUrl\":\"https:\/\/nederlandsetempeliers.nl\/wp-content\/uploads\/Grote-Kerk-Breda-3.jpeg\"},{\"@type\":\"BreadcrumbList\",\"@id\":\"https:\/\/nederlandsetempeliers.nl\/fr\/moments-sacres-2\/#breadcrumb\",\"itemListElement\":[{\"@type\":\"ListItem\",\"position\":1,\"name\":\"Home\",\"item\":\"https:\/\/nederlandsetempeliers.nl\/fr\/\"},{\"@type\":\"ListItem\",\"position\":2,\"name\":\"Moments Sacr\u00e9s\"}]},{\"@type\":\"WebSite\",\"@id\":\"https:\/\/nederlandsetempeliers.nl\/fr\/#website\",\"url\":\"https:\/\/nederlandsetempeliers.nl\/fr\/\",\"name\":\"Nederlandse Tempeliers\",\"description\":\"The Black Knights Templars of Solomon\",\"publisher\":{\"@id\":\"https:\/\/nederlandsetempeliers.nl\/fr\/#organization\"},\"potentialAction\":[{\"@type\":\"SearchAction\",\"target\":{\"@type\":\"EntryPoint\",\"urlTemplate\":\"https:\/\/nederlandsetempeliers.nl\/fr\/?s={search_term_string}\"},\"query-input\":{\"@type\":\"PropertyValueSpecification\",\"valueRequired\":true,\"valueName\":\"search_term_string\"}}],\"inLanguage\":\"fr-FR\"},{\"@type\":\"Organization\",\"@id\":\"https:\/\/nederlandsetempeliers.nl\/fr\/#organization\",\"name\":\"Nederlandse Tempeliers\",\"url\":\"https:\/\/nederlandsetempeliers.nl\/fr\/\",\"logo\":{\"@type\":\"ImageObject\",\"inLanguage\":\"fr-FR\",\"@id\":\"https:\/\/nederlandsetempeliers.nl\/fr\/#\/schema\/logo\/image\/\",\"url\":\"https:\/\/nederlandsetempeliers.nl\/wp-content\/uploads\/Dutch-order-v2.png\",\"contentUrl\":\"https:\/\/nederlandsetempeliers.nl\/wp-content\/uploads\/Dutch-order-v2.png\",\"width\":687,\"height\":686,\"caption\":\"Nederlandse Tempeliers\"},\"image\":{\"@id\":\"https:\/\/nederlandsetempeliers.nl\/fr\/#\/schema\/logo\/image\/\"}}]}<\/script>\n<!-- \/ Yoast SEO plugin. -->","yoast_head_json":{"title":"Moments Sacr\u00e9s - Nederlandse Tempeliers","robots":{"index":"index","follow":"follow","max-snippet":"max-snippet:-1","max-image-preview":"max-image-preview:large","max-video-preview":"max-video-preview:-1"},"canonical":"https:\/\/nederlandsetempeliers.nl\/fr\/moments-sacres-2\/","og_locale":"fr_FR","og_type":"article","og_title":"Moments Sacr\u00e9s - Nederlandse Tempeliers","og_description":"Moments Sacr\u00e9s L\u00c0 O\u00d9 LE CIEL ET LA TERRE SE RENCONTRENT \u00a0 \u00a0","og_url":"https:\/\/nederlandsetempeliers.nl\/fr\/moments-sacres-2\/","og_site_name":"Nederlandse Tempeliers","article_modified_time":"2026-04-25T10:26:01+00:00","og_image":[{"width":1536,"height":1024,"url":"https:\/\/nederlandsetempeliers.nl\/wp-content\/uploads\/Grote-Kerk-Breda-3.jpeg","type":"image\/jpeg"}],"twitter_card":"summary_large_image","twitter_misc":{"Dur\u00e9e de lecture estim\u00e9e":"1 minute"},"schema":{"@context":"https:\/\/schema.org","@graph":[{"@type":"WebPage","@id":"https:\/\/nederlandsetempeliers.nl\/fr\/moments-sacres-2\/","url":"https:\/\/nederlandsetempeliers.nl\/fr\/moments-sacres-2\/","name":"Moments Sacr\u00e9s - Nederlandse Tempeliers","isPartOf":{"@id":"https:\/\/nederlandsetempeliers.nl\/fr\/#website"},"primaryImageOfPage":{"@id":"https:\/\/nederlandsetempeliers.nl\/fr\/moments-sacres-2\/#primaryimage"},"image":{"@id":"https:\/\/nederlandsetempeliers.nl\/fr\/moments-sacres-2\/#primaryimage"},"thumbnailUrl":"https:\/\/nederlandsetempeliers.nl\/wp-content\/uploads\/Grote-Kerk-Breda-3.jpeg","datePublished":"2026-04-25T10:20:00+00:00","dateModified":"2026-04-25T10:26:01+00:00","breadcrumb":{"@id":"https:\/\/nederlandsetempeliers.nl\/fr\/moments-sacres-2\/#breadcrumb"},"inLanguage":"fr-FR","potentialAction":[{"@type":"ReadAction","target":["https:\/\/nederlandsetempeliers.nl\/fr\/moments-sacres-2\/"]}]},{"@type":"ImageObject","inLanguage":"fr-FR","@id":"https:\/\/nederlandsetempeliers.nl\/fr\/moments-sacres-2\/#primaryimage","url":"https:\/\/nederlandsetempeliers.nl\/wp-content\/uploads\/Grote-Kerk-Breda-3.jpeg","contentUrl":"https:\/\/nederlandsetempeliers.nl\/wp-content\/uploads\/Grote-Kerk-Breda-3.jpeg"},{"@type":"BreadcrumbList","@id":"https:\/\/nederlandsetempeliers.nl\/fr\/moments-sacres-2\/#breadcrumb","itemListElement":[{"@type":"ListItem","position":1,"name":"Home","item":"https:\/\/nederlandsetempeliers.nl\/fr\/"},{"@type":"ListItem","position":2,"name":"Moments Sacr\u00e9s"}]},{"@type":"WebSite","@id":"https:\/\/nederlandsetempeliers.nl\/fr\/#website","url":"https:\/\/nederlandsetempeliers.nl\/fr\/","name":"Nederlandse Tempeliers","description":"The Black Knights Templars of Solomon","publisher":{"@id":"https:\/\/nederlandsetempeliers.nl\/fr\/#organization"},"potentialAction":[{"@type":"SearchAction","target":{"@type":"EntryPoint","urlTemplate":"https:\/\/nederlandsetempeliers.nl\/fr\/?s={search_term_string}"},"query-input":{"@type":"PropertyValueSpecification","valueRequired":true,"valueName":"search_term_string"}}],"inLanguage":"fr-FR"},{"@type":"Organization","@id":"https:\/\/nederlandsetempeliers.nl\/fr\/#organization","name":"Nederlandse Tempeliers","url":"https:\/\/nederlandsetempeliers.nl\/fr\/","logo":{"@type":"ImageObject","inLanguage":"fr-FR","@id":"https:\/\/nederlandsetempeliers.nl\/fr\/#\/schema\/logo\/image\/","url":"https:\/\/nederlandsetempeliers.nl\/wp-content\/uploads\/Dutch-order-v2.png","contentUrl":"https:\/\/nederlandsetempeliers.nl\/wp-content\/uploads\/Dutch-order-v2.png","width":687,"height":686,"caption":"Nederlandse Tempeliers"},"image":{"@id":"https:\/\/nederlandsetempeliers.nl\/fr\/#\/schema\/logo\/image\/"}}]}},"_links":{"self":[{"href":"https:\/\/nederlandsetempeliers.nl\/fr\/wp-json\/wp\/v2\/pages\/8436","targetHints":{"allow":["GET"]}}],"collection":[{"href":"https:\/\/nederlandsetempeliers.nl\/fr\/wp-json\/wp\/v2\/pages"}],"about":[{"href":"https:\/\/nederlandsetempeliers.nl\/fr\/wp-json\/wp\/v2\/types\/page"}],"author":[{"embeddable":true,"href":"https:\/\/nederlandsetempeliers.nl\/fr\/wp-json\/wp\/v2\/users\/4"}],"replies":[{"embeddable":true,"href":"https:\/\/nederlandsetempeliers.nl\/fr\/wp-json\/wp\/v2\/comments?post=8436"}],"version-history":[{"count":7,"href":"https:\/\/nederlandsetempeliers.nl\/fr\/wp-json\/wp\/v2\/pages\/8436\/revisions"}],"predecessor-version":[{"id":8444,"href":"https:\/\/nederlandsetempeliers.nl\/fr\/wp-json\/wp\/v2\/pages\/8436\/revisions\/8444"}],"wp:attachment":[{"href":"https:\/\/nederlandsetempeliers.nl\/fr\/wp-json\/wp\/v2\/media?parent=8436"}],"curies":[{"name":"wp","href":"https:\/\/api.w.org\/{rel}","templated":true}]}}

Moments Sacrés

<div data-elementor-type="wp-page" data-elementor-id="8436" class="elementor elementor-8436" data-elementor-post-type="page">
				<div class="elementor-element elementor-element-e3d561b e-flex e-con-boxed e-con e-parent" data-id="e3d561b" data-element_type="container" data-e-type="container">
					<div class="e-con-inner">
				<div class="elementor-element elementor-element-0dcfbcc elementor-widget elementor-widget-image" data-id="0dcfbcc" data-element_type="widget" data-e-type="widget" data-widget_type="image.default">
				<div class="elementor-widget-container">
															<img fetchpriority="high" decoding="async" width="1536" height="1024" src="https://nederlandsetempeliers.nl/wp-content/uploads/Grote-Kerk-Breda-3.jpeg" class="attachment-full size-full wp-image-8438" alt="Notre Dame Breda" srcset="https://nederlandsetempeliers.nl/wp-content/uploads/Grote-Kerk-Breda-3.jpeg 1536w, https://nederlandsetempeliers.nl/wp-content/uploads/Grote-Kerk-Breda-3-300x200.jpeg 300w, https://nederlandsetempeliers.nl/wp-content/uploads/Grote-Kerk-Breda-3-1024x683.jpeg 1024w, https://nederlandsetempeliers.nl/wp-content/uploads/Grote-Kerk-Breda-3-768x512.jpeg 768w" sizes="(max-width: 1536px) 100vw, 1536px" />															</div>
				</div>
					</div>
				</div>
		<div class="elementor-element elementor-element-2808462 e-flex e-con-boxed e-con e-parent" data-id="2808462" data-element_type="container" data-e-type="container">
					<div class="e-con-inner">
				<div class="elementor-element elementor-element-fa9fa39 elementor-widget elementor-widget-heading" data-id="fa9fa39" data-element_type="widget" data-e-type="widget" data-widget_type="heading.default">
				<div class="elementor-widget-container">
					<h2 class="elementor-heading-title elementor-size-default">Moments Sacrés</h2>				</div>
				</div>
					</div>
				</div>
		<div class="elementor-element elementor-element-fb3cf6e e-flex e-con-boxed e-con e-parent" data-id="fb3cf6e" data-element_type="container" data-e-type="container">
					<div class="e-con-inner">
				<div class="elementor-element elementor-element-4f0d76d elementor-widget elementor-widget-text-editor" data-id="4f0d76d" data-element_type="widget" data-e-type="widget" data-widget_type="text-editor.default">
				<div class="elementor-widget-container">
									<p>LÀ OÙ LE CIEL ET LA TERRE SE RENCONTRENT</p><p> </p><p> </p>								</div>
				</div>
					</div>
				</div>
				</div>

<p>Moments Sacrés LÀ OÙ LE CIEL ET LA TERRE SE RENCONTRENT    </p>

<!-- This site is optimized with the Yoast SEO plugin v27.2 - https://yoast.com/product/yoast-seo-wordpress/ -->
<title>Moments Sacrés - Nederlandse Tempeliers</title>
<meta name="robots" content="index, follow, max-snippet:-1, max-image-preview:large, max-video-preview:-1" />
<link rel="canonical" href="https://nederlandsetempeliers.nl/fr/moments-sacres-2/" />
<meta property="og:locale" content="fr_FR" />
<meta property="og:type" content="article" />
<meta property="og:title" content="Moments Sacrés - Nederlandse Tempeliers" />
<meta property="og:description" content="Moments Sacrés LÀ OÙ LE CIEL ET LA TERRE SE RENCONTRENT    " />
<meta property="og:url" content="https://nederlandsetempeliers.nl/fr/moments-sacres-2/" />
<meta property="og:site_name" content="Nederlandse Tempeliers" />
<meta property="article:modified_time" content="2026-04-25T10:26:01+00:00" />
<meta property="og:image" content="https://nederlandsetempeliers.nl/wp-content/uploads/Grote-Kerk-Breda-3.jpeg" />
	<meta property="og:image:width" content="1536" />
	<meta property="og:image:height" content="1024" />
	<meta property="og:image:type" content="image/jpeg" />
<meta name="twitter:card" content="summary_large_image" />
<meta name="twitter:label1" content="Durée de lecture estimée" />
	<meta name="twitter:data1" content="1 minute" />
<script type="application/ld+json" class="yoast-schema-graph">{"@context":"https://schema.org","@graph":[{"@type":"WebPage","@id":"https://nederlandsetempeliers.nl/fr/moments-sacres-2/","url":"https://nederlandsetempeliers.nl/fr/moments-sacres-2/","name":"Moments Sacrés - Nederlandse Tempeliers","isPartOf":{"@id":"https://nederlandsetempeliers.nl/fr/#website"},"primaryImageOfPage":{"@id":"https://nederlandsetempeliers.nl/fr/moments-sacres-2/#primaryimage"},"image":{"@id":"https://nederlandsetempeliers.nl/fr/moments-sacres-2/#primaryimage"},"thumbnailUrl":"https://nederlandsetempeliers.nl/wp-content/uploads/Grote-Kerk-Breda-3.jpeg","datePublished":"2026-04-25T10:20:00+00:00","dateModified":"2026-04-25T10:26:01+00:00","breadcrumb":{"@id":"https://nederlandsetempeliers.nl/fr/moments-sacres-2/#breadcrumb"},"inLanguage":"fr-FR","potentialAction":[{"@type":"ReadAction","target":["https://nederlandsetempeliers.nl/fr/moments-sacres-2/"]}]},{"@type":"ImageObject","inLanguage":"fr-FR","@id":"https://nederlandsetempeliers.nl/fr/moments-sacres-2/#primaryimage","url":"https://nederlandsetempeliers.nl/wp-content/uploads/Grote-Kerk-Breda-3.jpeg","contentUrl":"https://nederlandsetempeliers.nl/wp-content/uploads/Grote-Kerk-Breda-3.jpeg"},{"@type":"BreadcrumbList","@id":"https://nederlandsetempeliers.nl/fr/moments-sacres-2/#breadcrumb","itemListElement":[{"@type":"ListItem","position":1,"name":"Home","item":"https://nederlandsetempeliers.nl/fr/"},{"@type":"ListItem","position":2,"name":"Moments Sacrés"}]},{"@type":"WebSite","@id":"https://nederlandsetempeliers.nl/fr/#website","url":"https://nederlandsetempeliers.nl/fr/","name":"Nederlandse Tempeliers","description":"The Black Knights Templars of Solomon","publisher":{"@id":"https://nederlandsetempeliers.nl/fr/#organization"},"potentialAction":[{"@type":"SearchAction","target":{"@type":"EntryPoint","urlTemplate":"https://nederlandsetempeliers.nl/fr/?s={search_term_string}"},"query-input":{"@type":"PropertyValueSpecification","valueRequired":true,"valueName":"search_term_string"}}],"inLanguage":"fr-FR"},{"@type":"Organization","@id":"https://nederlandsetempeliers.nl/fr/#organization","name":"Nederlandse Tempeliers","url":"https://nederlandsetempeliers.nl/fr/","logo":{"@type":"ImageObject","inLanguage":"fr-FR","@id":"https://nederlandsetempeliers.nl/fr/#/schema/logo/image/","url":"https://nederlandsetempeliers.nl/wp-content/uploads/Dutch-order-v2.png","contentUrl":"https://nederlandsetempeliers.nl/wp-content/uploads/Dutch-order-v2.png","width":687,"height":686,"caption":"Nederlandse Tempeliers"},"image":{"@id":"https://nederlandsetempeliers.nl/fr/#/schema/logo/image/"}}]}</script>
<!-- / Yoast SEO plugin. -->

Moments Sacrés - Nederlandse Tempeliers

Moments Sacrés LÀ OÙ LE CIEL ET LA TERRE SE RENCONTRENT
